What is the ten millions digit of 558048411?
5
What is the thousands digit of 297396087?
6
What is the thousands digit of 111124928?
4
What is the ten thousands digit of 5343555049?
5
What is the hundred millions digit of 2738884698?
7
What is the tens digit of 6015825020?
2
What is the hundred thousands digit of 1025062130?
0
What is the hundreds digit of 40667050?
0
What is the tens digit of 6575149743?
4
What is the units digit of 83486859?
9
What is the hundreds digit of 13770840?
8
What is the hundred millions digit of 104657843?
1
What is the tens digit of 25899328?
2
What is the ten millions digit of 1985270065?
8
What is the units digit of 73186097?
7
What is the tens digit of 142166159?
5
What is the hundred thousands digit of 130230764?
2
What is the millions digit of 931625983?
1
What is the ten thousands digit of 291329769?
2
What is the units digit of 890424902?
2
What is the ten millions digit of 749405769?
4
What is the ten thousands digit of 2183679418?
7
What is the tens digit of 17467720?
2
What is the hundreds digit of 14620245?
2
What is the thousands digit of 535443798?
3
What is the units digit of 113437613?
3
What is the hundred thousands digit of 73432887?
4
What is the hundred millions digit of 3151820415?
1
What is the billions digit of 1027184799?
1
What is the millions digit of 272005495?
2
What is the hundred thousands digit of 109678004?
6
What is the units digit of 109289447?
7
What is the units digit of 5918104199?
9
What is the ten millions digit of 121905908?
2
What is the thousands digit of 61372945?
2
What is the ten thousands digit of 73403201?
0
What is the tens digit of 6021085482?
8
What is the hundreds digit of 29867219?
2
What is the hundred millions digit of 1132062131?
1
What is the ten millions digit of 45617251?
4
What is the hundreds digit of 343105643?
6
What is the ten millions digit of 33030522?
3
What is the tens digit of 68255143?
4
What is the hundred millions digit of 122968358?
1
What is the hundreds digit of 496045415?
4
What is the ten thousands digit of 84542128?
4
What is the millions digit of 3593434?
3
What is the thousands digit of 23005821?
5
What is the thousands digit of 52780696?
0
What is the hundred thousands digit of 54384330?
3
What is the hundreds digit of 183390865?
8
What is the ten thousands digit of 424531756?
3
What is the hundred millions digit of 2300347450?
3
What is the ten thousands digit of 655993514?
9
What is the units digit of 2013107149?
9
What is the thousands digit of 278499592?
9
What is the millions digit of 31053494?
1
What is the ten thousands digit of 2093628738?
2
What is the thousands digit of 8347009?
7
What is the units digit of 1178078259?
9
What is the tens digit of 193796121?
2
What is the thousands digit of 26856096?
6
What is the thousands digit of 440070918?
0
What is the ten millions digit of 31091627?
3
What is the hundreds digit of 815972249?
2
What is the hundred thousands digit of 4095443161?
4
What is the thousands digit of 119611208?
1
What is the hundred millions digit of 3020881265?
0
What is the hundreds digit of 78071974?
9
What is the thousands digit of 1996969642?
9
What is the hundred thousands digit of 1051127864?
1
What is the units digit of 4275590?
0
What is the hundreds digit of 677646585?
5
What is the units digit of 377824689?
9
What is the millions digit of 1959686915?
9
What is the ten thousands digit of 429918682?
1
What is the ten thousands digit of 50502273?
0
What is the hundred millions digit of 655858805?
6
What is the hundred thousands digit of 174053983?
0
What is the hundreds digit of 46964794?
7
What is the hundreds digit of 69402898?
8
What is the tens digit of 4622032648?
4
What is the tens digit of 2227712864?
6
What is the hundreds digit of 81501688?
6
What is the units digit of 145110852?
2
What is the thousands digit of 99464809?
4
What is the units digit of 180589830?
0
What is the ten thousands digit of 6976862?
7
What is the hundred thousands digit of 1802200796?
2
What is the ten millions digit of 68507241?
6
What is the hundred thousands digit of 1394366831?
3
What is the thousands digit of 199400121?
0
What is the tens digit of 227194327?
2
What is the millions digit of 389935239?
9
What is the millions digit of 382275943?
2
What is the hundred thousands digit of 295957604?
9
What is the millions digit of 13997013?
3
What is the hundreds digit of 145542428?
4
What is the tens digit of 206730099?
9
What is the billions digit of 3059334754?
3
What is the tens digit of 9851949?
4
What is the hundred thousands digit of 43980124?
9
What is the hundreds digit of 1761271191?
1
What is the millions digit of 1469072909?
9
What is the units digit of 1945904053?
3
What is the ten millions digit of 1785909158?
8
What is the tens digit of 31999738?
3
What is the hundreds digit of 52609132?
1
What is the ten thousands digit of 92466574?
6
What is the ten millions digit of 63914852?
6
What is the ten millions digit of 7872750389?
7
What is the units digit of 649793702?
2
What is the millions digit of 137903056?
7
What is the hundred thousands digit of 22382605?
3
What is the ten millions digit of 261543317?
6
What is the ten thousands digit of 228015585?
1
What is the hundreds digit of 1928177800?
8
What is the ten millions digit of 6121513656?
2
What is the millions digit of 91227034?
1
What is the hundreds digit of 167713561?
5
What is the hundreds digit of 66434681?
6
What is the ten millions digit of 1153133318?
5
What is the ten thousands digit of 438665475?
6
What is the hundred thousands digit of 400446414?
4
What is the ten millions digit of 227877446?
2
What is the hundreds digit of 51768252?
2
What is the tens digit of 20869485?
8
What is the ten millions digit of 94765390?
9
What is the millions digit of 25619291?
5
What is the millions digit of 66343892?
6
What is the hundreds digit of 86568673?
6
What is the units digit of 276634203?
3
What is the thousands digit of 237884411?
4
What is the hundreds digit of 2260896227?
2
What is the thousands digit of 10355230?
5
What is the units digit of 372731149?
9
What is the millions digit of 1971877736?
1
What is the units digit of 153696254?
4
What is the hundreds digit of 1962279665?
6
What is the tens digit of 221969529?
2
What is the hundred thousands digit of 2366267182?
2
What is the hundred thousands digit of 970045549?
0
What is the hundreds digit of 24437034?
0
What is the thousands digit of 267008134?
8
What is the hundred thousands digit of 35282015?
2
What is the units digit of 1134005376?
6
What is the hundreds digit of 752395131?
1
What is the hundred thousands digit of 720724582?
7
What is the hundreds digit of 51150035?
0
What is the tens digit of 52934379?
7
What is the millions digit of 18308194?
8
What is the ten thousands digit of 807046111?
4
What is the ten millions digit of 104547894?
0
What is the thousands digit of 321919725?
9
What is the hundred thousands digit of 168057568?
0
What is the hundred millions digit of 6316530244?
3
What is the hundreds digit of 27992255?
2
What is the units digit of 2218600822?
2
What is the ten millions digit of 152069838?
5
What is the hundred thousands digit of 81202444?
2
What is the millions digit of 109104397?
9
What is the tens digit of 9070467?
6
What is the hundreds digit of 434059555?
5
What is the ten millions digit of 966358309?
6
What is the thousands digit of 535808710?
8
What is the ten millions digit of 77954835?
7
What is the hundred thousands digit of 39232081?
2
What is the hundreds digit of 725706879?
8
What is the ten millions digit of 39871436?
3
What is the millions digit of 12156283?
2
What is the ten millions digit of 26781104?
2
What is the hundred thousands digit of 204503911?
5
What is the hundreds digit of 461042221?
2
What is the thousands digit of 68791726?
1
What is the units digit of 193907660?
0
What is the units digit of 11973919?
9
What is the tens digit of 322345207?
0
What is the hundreds digit of 2566249110?
1
What is the tens digit of 132400349?
4
What is the units digit of 133494040?
0
What is the hundred millions digit of 1244033689?
2
What is the tens digit of 81137165?
6
What is the ten millions digit of 773546496?
7
What is the ten thousands digit of 328